{"id":84,"date":"2017-03-24T10:55:40","date_gmt":"2017-03-24T09:55:40","guid":{"rendered":"http:\/\/ameliepineau.fr\/?page_id=84"},"modified":"2019-09-11T14:26:58","modified_gmt":"2019-09-11T12:26:58","slug":"une-section-de-page-daccueil","status":"publish","type":"page","link":"https:\/\/ameliepineau.fr\/?page_id=84","title":{"rendered":"En quelques mots"},"content":{"rendered":"<p>Form\u00e9e \u00e0 la Gestalt-th\u00e9rapie \u00e0 l&rsquo;Institut Fran\u00e7ais de Gestalt-th\u00e9rapie (<a href=\"http:\/\/www.gestalt-ifgt.com\/\">IFGT<\/a>), j&rsquo;accompagne les personnes qui d\u00e9sirent faire autrement, qui souffrent parfois d&rsquo;un malaise ou mal-\u00eatre g\u00e9n\u00e9ral qui fait obstacle pour un temps (parfois long) au mouvement de leur vie.<\/p>\n<p>Com\u00e9dienne de formation, j&rsquo;ai \u00e9galement travaill\u00e9 en entreprise dans le domaine de la communication et j&rsquo;accompagne des entrepreneurs dans leur d\u00e9veloppement \u00e0 la fois personnel et professionnel.<\/p>\n<p>J&rsquo;ai suivi les enseignements de s\u00e9miologie clinique et psychopathologies prodigu\u00e9s par l&rsquo;\u00e9cole d&rsquo;enseignement de Gestalt Th\u00e9rapie et de ph\u00e9nom\u00e9nologie (<a href=\"http:\/\/gestalt.nuxit.net\/Gestalt\/spip.php?rubrique3\">EGTP<\/a>).<\/p>\n<p>J&rsquo;ai une pratique de supervision r\u00e9guli\u00e8re et j&rsquo;adh\u00e8re au code de d\u00e9ontologie du Coll\u00e8ge Europ\u00e9en de Gestalt Th\u00e9rapie (<a href=\"http:\/\/www.cegt.org\/\">CEGT<\/a>).<\/p>\n","protected":false},"excerpt":{"rendered":"<p>Form\u00e9e \u00e0 la Gestalt-th\u00e9rapie \u00e0 l&rsquo;Institut Fran\u00e7ais de Gestalt-th\u00e9rapie (IFGT), j&rsquo;accompagne les personnes qui d\u00e9sirent faire autrement, qui souffrent parfois d&rsquo;un malaise ou mal-\u00eatre g\u00e9n\u00e9ral qui fait obstacle pour un temps (parfois long) au mouvement de leur vie. Com\u00e9dienne de formation, j&rsquo;ai \u00e9galement travaill\u00e9 en entreprise dans le domaine de la communication et j&rsquo;accompagne des &hellip; <\/p>\n<p class=\"link-more\"><a href=\"https:\/\/ameliepineau.fr\/?page_id=84\" class=\"more-link\">Continuer la lecture<span class=\"screen-reader-text\"> de &laquo;&nbsp;En quelques mots&nbsp;&raquo;<\/span><\/a><\/p>\n","protected":false},"author":1,"featured_media":121,"parent":0,"menu_order":0,"comment_status":"closed","ping_status":"closed","template":"","meta":{"footnotes":""},"class_list":["post-84","page","type-page","status-publish","has-post-thumbnail","hentry"],"_links":{"self":[{"href":"https:\/\/ameliepineau.fr\/index.php?rest_route=\/wp\/v2\/pages\/84","targetHints":{"allow":["GET"]}}],"collection":[{"href":"https:\/\/ameliepineau.fr\/index.php?rest_route=\/wp\/v2\/pages"}],"about":[{"href":"https:\/\/ameliepineau.fr\/index.php?rest_route=\/wp\/v2\/types\/page"}],"author":[{"embeddable":true,"href":"https:\/\/ameliepineau.fr\/index.php?rest_route=\/wp\/v2\/users\/1"}],"replies":[{"embeddable":true,"href":"https:\/\/ameliepineau.fr\/index.php?rest_route=%2Fwp%2Fv2%2Fcomments&post=84"}],"version-history":[{"count":8,"href":"https:\/\/ameliepineau.fr\/index.php?rest_route=\/wp\/v2\/pages\/84\/revisions"}],"predecessor-version":[{"id":197,"href":"https:\/\/ameliepineau.fr\/index.php?rest_route=\/wp\/v2\/pages\/84\/revisions\/197"}],"wp:featuredmedia":[{"embeddable":true,"href":"https:\/\/ameliepineau.fr\/index.php?rest_route=\/wp\/v2\/media\/121"}],"wp:attachment":[{"href":"https:\/\/ameliepineau.fr\/index.php?rest_route=%2Fwp%2Fv2%2Fmedia&parent=84"}],"curies":[{"name":"wp","href":"https:\/\/api.w.org\/{rel}","templated":true}]}}